{"id":19105,"date":"2024-05-29T09:37:06","date_gmt":"2024-05-29T09:37:06","guid":{"rendered":"https:\/\/yesofcourse.es\/?page_id=19105"},"modified":"2024-05-31T08:40:57","modified_gmt":"2024-05-31T08:40:57","slug":"cursos-presenciales","status":"publish","type":"page","link":"https:\/\/webantigua.yesofcourse.es\/index.php\/cursos-presenciales\/","title":{"rendered":"CURSOS PRESENCIALES"},"content":{"rendered":"\t\t<div data-elementor-type=\"wp-page\" data-elementor-id=\"19105\" class=\"elementor elementor-19105\">\n\t\t\t\t\t\t<section class=\"elementor-section elementor-top-section elementor-element elementor-element-0dcbadb elementor-section-boxed elementor-section-height-default elementor-section-height-default\" data-id=\"0dcbadb\" data-element_type=\"section\">\n\t\t\t\t\t\t<div class=\"elementor-container elementor-column-gap-default\">\n\t\t\t\t\t<div class=\"elementor-column elementor-col-100 elementor-top-column elementor-element elementor-element-b29c56f\" data-id=\"b29c56f\" data-element_type=\"column\">\n\t\t\t<div class=\"elementor-widget-wrap elementor-element-populated\">\n\t\t\t\t\t\t<div class=\"elementor-element elementor-element-ca1bfdf elementor-invisible elementor-widget elementor-widget-heading\" data-id=\"ca1bfdf\" data-element_type=\"widget\" data-settings=\"{&quot;_animation&quot;:&quot;fadeInRight&quot;}\" data-widget_type=\"heading.default\">\n\t\t\t\t<div class=\"elementor-widget-container\">\n\t\t\t\t\t<h2 class=\"elementor-heading-title elementor-size-default\">CURSOS PRESENCIALES<\/h2>\t\t\t\t<\/div>\n\t\t\t\t<\/div>\n\t\t\t\t\t<\/div>\n\t\t<\/div>\n\t\t\t\t\t<\/div>\n\t\t<\/section>\n\t\t\t\t<section class=\"elementor-section elementor-top-section elementor-element elementor-element-d3618ea elementor-section-boxed elementor-section-height-default elementor-section-height-default\" data-id=\"d3618ea\" data-element_type=\"section\">\n\t\t\t\t\t\t<div class=\"elementor-container elementor-column-gap-default\">\n\t\t\t\t\t<div class=\"elementor-column elementor-col-100 elementor-top-column elementor-element elementor-element-7166b37\" data-id=\"7166b37\" data-element_type=\"column\">\n\t\t\t<div class=\"elementor-widget-wrap elementor-element-populated\">\n\t\t\t\t\t\t<div class=\"elementor-element elementor-element-0ba3e9b elementor-widget elementor-widget-spacer\" data-id=\"0ba3e9b\" data-element_type=\"widget\" data-widget_type=\"spacer.default\">\n\t\t\t\t<div class=\"elementor-widget-container\">\n\t\t\t\t\t\t\t<div class=\"elementor-spacer\">\n\t\t\t<div class=\"elementor-spacer-inner\"><\/div>\n\t\t<\/div>\n\t\t\t\t\t\t<\/div>\n\t\t\t\t<\/div>\n\t\t\t\t\t<\/div>\n\t\t<\/div>\n\t\t\t\t\t<\/div>\n\t\t<\/section>\n\t\t\t\t<section class=\"elementor-section elementor-top-section elementor-element elementor-element-6bc1986 elementor-section-boxed elementor-section-height-default elementor-section-height-default\" data-id=\"6bc1986\" data-element_type=\"section\">\n\t\t\t\t\t\t<div class=\"elementor-container elementor-column-gap-default\">\n\t\t\t\t\t<div class=\"elementor-column elementor-col-100 elementor-top-column elementor-element elementor-element-3b9c6fc\" data-id=\"3b9c6fc\" data-element_type=\"column\">\n\t\t\t<div class=\"elementor-widget-wrap elementor-element-populated\">\n\t\t\t\t\t\t<div class=\"elementor-element elementor-element-146a887 elementor-invisible elementor-widget elementor-widget-heading\" data-id=\"146a887\" data-element_type=\"widget\" data-settings=\"{&quot;_animation&quot;:&quot;fadeInRight&quot;}\" data-widget_type=\"heading.default\">\n\t\t\t\t<div class=\"elementor-widget-container\">\n\t\t\t\t\t<h2 class=\"elementor-heading-title elementor-size-default\">KIDS<\/h2>\t\t\t\t<\/div>\n\t\t\t\t<\/div>\n\t\t\t\t\t<\/div>\n\t\t<\/div>\n\t\t\t\t\t<\/div>\n\t\t<\/section>\n\t\t\t\t<section class=\"elementor-section elementor-top-section elementor-element elementor-element-5f829bc elementor-section-stretched elementor-section-boxed elementor-section-height-default elementor-section-height-default\" data-id=\"5f829bc\" data-element_type=\"section\" data-settings=\"{&quot;stretch_section&quot;:&quot;section-stretched&quot;}\">\n\t\t\t\t\t\t<div class=\"elementor-container elementor-column-gap-default\">\n\t\t\t\t\t<div class=\"elementor-column elementor-col-50 elementor-top-column elementor-element elementor-element-0d60475\" data-id=\"0d60475\" data-element_type=\"column\">\n\t\t\t<div class=\"elementor-widget-wrap elementor-element-populated\">\n\t\t\t\t\t\t<div class=\"elementor-element elementor-element-05d5df2 elementor-invisible elementor-widget elementor-widget-image\" data-id=\"05d5df2\" data-element_type=\"widget\" data-settings=\"{&quot;_animation&quot;:&quot;fadeInLeft&quot;}\" data-widget_type=\"image.default\">\n\t\t\t\t<div class=\"elementor-widget-container\">\n\t\t\t\t\t\t\t\t\t\t\t\t\t\t\t<img fetchpriority=\"high\" decoding=\"async\" width=\"1024\" height=\"681\" src=\"https:\/\/webantigua.yesofcourse.es\/wp-content\/uploads\/2023\/05\/portrait-of-happy-little-schoolchild-wearing-eyeglasses-1024x681.jpg\" class=\"attachment-large size-large wp-image-8411\" alt=\"\" srcset=\"https:\/\/webantigua.yesofcourse.es\/wp-content\/uploads\/2023\/05\/portrait-of-happy-little-schoolchild-wearing-eyeglasses-1024x681.jpg 1024w, https:\/\/webantigua.yesofcourse.es\/wp-content\/uploads\/2023\/05\/portrait-of-happy-little-schoolchild-wearing-eyeglasses-300x200.jpg 300w, https:\/\/webantigua.yesofcourse.es\/wp-content\/uploads\/2023\/05\/portrait-of-happy-little-schoolchild-wearing-eyeglasses-768x511.jpg 768w, https:\/\/webantigua.yesofcourse.es\/wp-content\/uploads\/2023\/05\/portrait-of-happy-little-schoolchild-wearing-eyeglasses-1536x1022.jpg 1536w, https:\/\/webantigua.yesofcourse.es\/wp-content\/uploads\/2023\/05\/portrait-of-happy-little-schoolchild-wearing-eyeglasses-2048x1363.jpg 2048w\" sizes=\"(max-width: 1024px) 100vw, 1024px\" \/>\t\t\t\t\t\t\t\t\t\t\t\t\t\t\t<\/div>\n\t\t\t\t<\/div>\n\t\t\t\t\t<\/div>\n\t\t<\/div>\n\t\t\t\t<div class=\"elementor-column elementor-col-50 elementor-top-column elementor-element elementor-element-f941e38\" data-id=\"f941e38\" data-element_type=\"column\">\n\t\t\t<div class=\"elementor-widget-wrap elementor-element-populated\">\n\t\t\t\t\t\t<div class=\"elementor-element elementor-element-6541a24 elementor-invisible elementor-widget elementor-widget-text-editor\" data-id=\"6541a24\" data-element_type=\"widget\" data-settings=\"{&quot;_animation&quot;:&quot;fadeInUp&quot;}\" data-widget_type=\"text-editor.default\">\n\t\t\t\t<div class=\"elementor-widget-container\">\n\t\t\t\t\t\t\t\t\t<p style=\"text-align: center;\"><span style=\"color: #000000;\">Estos cursos est\u00e1n dirigidos a ni\u00f1os y ni\u00f1as de entre 5 y 12 a\u00f1os y son una introducci\u00f3n id\u00f3nea a los ex\u00e1menes oficiales de Cambridge. Se les ofrece una preparaci\u00f3n progresiva en las destrezas de speaking, listening, reading y writing usando metodolog\u00eda de la editorial Cambridge University Press para as\u00ed optimizar los resultados con vistas a la obtenci\u00f3n de los certificados de Cambridge.<\/span><\/p>\t\t\t\t\t\t\t\t<\/div>\n\t\t\t\t<\/div>\n\t\t\t\t\t<\/div>\n\t\t<\/div>\n\t\t\t\t\t<\/div>\n\t\t<\/section>\n\t\t\t\t<section class=\"elementor-section elementor-top-section elementor-element elementor-element-9203ae5 elementor-section-boxed elementor-section-height-default elementor-section-height-default\" data-id=\"9203ae5\" data-element_type=\"section\">\n\t\t\t\t\t\t<div class=\"elementor-container elementor-column-gap-default\">\n\t\t\t\t\t<div class=\"elementor-column elementor-col-100 elementor-top-column elementor-element elementor-element-19de6b0\" data-id=\"19de6b0\" data-element_type=\"column\">\n\t\t\t<div class=\"elementor-widget-wrap elementor-element-populated\">\n\t\t\t\t\t\t<div class=\"elementor-element elementor-element-daa71f7 elementor-widget elementor-widget-spacer\" data-id=\"daa71f7\" data-element_type=\"widget\" data-widget_type=\"spacer.default\">\n\t\t\t\t<div class=\"elementor-widget-container\">\n\t\t\t\t\t\t\t<div class=\"elementor-spacer\">\n\t\t\t<div class=\"elementor-spacer-inner\"><\/div>\n\t\t<\/div>\n\t\t\t\t\t\t<\/div>\n\t\t\t\t<\/div>\n\t\t\t\t\t<\/div>\n\t\t<\/div>\n\t\t\t\t\t<\/div>\n\t\t<\/section>\n\t\t\t\t<section class=\"elementor-section elementor-top-section elementor-element elementor-element-ea76921 elementor-section-boxed elementor-section-height-default elementor-section-height-default\" data-id=\"ea76921\" data-element_type=\"section\">\n\t\t\t\t\t\t<div class=\"elementor-container elementor-column-gap-default\">\n\t\t\t\t\t<div class=\"elementor-column elementor-col-100 elementor-top-column elementor-element elementor-element-adcc143\" data-id=\"adcc143\" data-element_type=\"column\">\n\t\t\t<div class=\"elementor-widget-wrap elementor-element-populated\">\n\t\t\t\t\t\t<div class=\"elementor-element elementor-element-924883f elementor-invisible elementor-widget elementor-widget-heading\" data-id=\"924883f\" data-element_type=\"widget\" data-settings=\"{&quot;_animation&quot;:&quot;fadeInRight&quot;}\" data-widget_type=\"heading.default\">\n\t\t\t\t<div class=\"elementor-widget-container\">\n\t\t\t\t\t<h2 class=\"elementor-heading-title elementor-size-default\">TEENS<\/h2>\t\t\t\t<\/div>\n\t\t\t\t<\/div>\n\t\t\t\t\t<\/div>\n\t\t<\/div>\n\t\t\t\t\t<\/div>\n\t\t<\/section>\n\t\t\t\t<section class=\"elementor-section elementor-top-section elementor-element elementor-element-64f2906 elementor-section-stretched elementor-section-boxed elementor-section-height-default elementor-section-height-default\" data-id=\"64f2906\" data-element_type=\"section\" data-settings=\"{&quot;stretch_section&quot;:&quot;section-stretched&quot;}\">\n\t\t\t\t\t\t<div class=\"elementor-container elementor-column-gap-default\">\n\t\t\t\t\t<div class=\"elementor-column elementor-col-50 elementor-top-column elementor-element elementor-element-4c41f63\" data-id=\"4c41f63\" data-element_type=\"column\">\n\t\t\t<div class=\"elementor-widget-wrap elementor-element-populated\">\n\t\t\t\t\t\t<div class=\"elementor-element elementor-element-9f3398a elementor-invisible elementor-widget elementor-widget-image\" data-id=\"9f3398a\" data-element_type=\"widget\" data-settings=\"{&quot;_animation&quot;:&quot;fadeInLeft&quot;}\" data-widget_type=\"image.default\">\n\t\t\t\t<div class=\"elementor-widget-container\">\n\t\t\t\t\t\t\t\t\t\t\t\t\t\t\t<img decoding=\"async\" width=\"1024\" height=\"683\" src=\"https:\/\/webantigua.yesofcourse.es\/wp-content\/uploads\/2023\/05\/girls-dancing-1024x683.jpg\" class=\"attachment-large size-large wp-image-8410\" alt=\"\" srcset=\"https:\/\/webantigua.yesofcourse.es\/wp-content\/uploads\/2023\/05\/girls-dancing-1024x683.jpg 1024w, https:\/\/webantigua.yesofcourse.es\/wp-content\/uploads\/2023\/05\/girls-dancing-300x200.jpg 300w, https:\/\/webantigua.yesofcourse.es\/wp-content\/uploads\/2023\/05\/girls-dancing-768x513.jpg 768w, https:\/\/webantigua.yesofcourse.es\/wp-content\/uploads\/2023\/05\/girls-dancing-1536x1025.jpg 1536w, https:\/\/webantigua.yesofcourse.es\/wp-content\/uploads\/2023\/05\/girls-dancing-2048x1367.jpg 2048w\" sizes=\"(max-width: 1024px) 100vw, 1024px\" \/>\t\t\t\t\t\t\t\t\t\t\t\t\t\t\t<\/div>\n\t\t\t\t<\/div>\n\t\t\t\t\t<\/div>\n\t\t<\/div>\n\t\t\t\t<div class=\"elementor-column elementor-col-50 elementor-top-column elementor-element elementor-element-2f382c8\" data-id=\"2f382c8\" data-element_type=\"column\">\n\t\t\t<div class=\"elementor-widget-wrap elementor-element-populated\">\n\t\t\t\t\t\t<div class=\"elementor-element elementor-element-0468fed elementor-invisible elementor-widget elementor-widget-text-editor\" data-id=\"0468fed\" data-element_type=\"widget\" data-settings=\"{&quot;_animation&quot;:&quot;fadeInUp&quot;}\" data-widget_type=\"text-editor.default\">\n\t\t\t\t<div class=\"elementor-widget-container\">\n\t\t\t\t\t\t\t\t\t<p style=\"text-align: center;\"><span style=\"color: #000000;\">Estos cursos est\u00e1n principalmente dirigidos a adolescentes de entre 12 y 16 a\u00f1os y proporcionan una preparaci\u00f3n extensiva de cara a la obtenci\u00f3n de los certificados de Cambridge. Acompa\u00f1amos a nuestros alumnos y alumnas en su viaje formativo por medio de los \u00faltimos recursos en ense\u00f1anza de idiomas y las tecnolog\u00edas m\u00e1s innovadoras.<\/span><\/p>\t\t\t\t\t\t\t\t<\/div>\n\t\t\t\t<\/div>\n\t\t\t\t\t<\/div>\n\t\t<\/div>\n\t\t\t\t\t<\/div>\n\t\t<\/section>\n\t\t\t\t<section class=\"elementor-section elementor-top-section elementor-element elementor-element-6bec8ba elementor-section-boxed elementor-section-height-default elementor-section-height-default\" data-id=\"6bec8ba\" data-element_type=\"section\">\n\t\t\t\t\t\t<div class=\"elementor-container elementor-column-gap-default\">\n\t\t\t\t\t<div class=\"elementor-column elementor-col-100 elementor-top-column elementor-element elementor-element-e330a39\" data-id=\"e330a39\" data-element_type=\"column\">\n\t\t\t<div class=\"elementor-widget-wrap elementor-element-populated\">\n\t\t\t\t\t\t<div class=\"elementor-element elementor-element-825d0cf elementor-widget elementor-widget-spacer\" data-id=\"825d0cf\" data-element_type=\"widget\" data-widget_type=\"spacer.default\">\n\t\t\t\t<div class=\"elementor-widget-container\">\n\t\t\t\t\t\t\t<div class=\"elementor-spacer\">\n\t\t\t<div class=\"elementor-spacer-inner\"><\/div>\n\t\t<\/div>\n\t\t\t\t\t\t<\/div>\n\t\t\t\t<\/div>\n\t\t\t\t\t<\/div>\n\t\t<\/div>\n\t\t\t\t\t<\/div>\n\t\t<\/section>\n\t\t\t\t<section class=\"elementor-section elementor-top-section elementor-element elementor-element-c208989 elementor-section-boxed elementor-section-height-default elementor-section-height-default\" data-id=\"c208989\" data-element_type=\"section\">\n\t\t\t\t\t\t<div class=\"elementor-container elementor-column-gap-default\">\n\t\t\t\t\t<div class=\"elementor-column elementor-col-100 elementor-top-column elementor-element elementor-element-26d59dc\" data-id=\"26d59dc\" data-element_type=\"column\">\n\t\t\t<div class=\"elementor-widget-wrap elementor-element-populated\">\n\t\t\t\t\t\t<div class=\"elementor-element elementor-element-94a177e elementor-invisible elementor-widget elementor-widget-heading\" data-id=\"94a177e\" data-element_type=\"widget\" data-settings=\"{&quot;_animation&quot;:&quot;fadeInRight&quot;}\" data-widget_type=\"heading.default\">\n\t\t\t\t<div class=\"elementor-widget-container\">\n\t\t\t\t\t<h2 class=\"elementor-heading-title elementor-size-default\">CERTIFICATES<\/h2>\t\t\t\t<\/div>\n\t\t\t\t<\/div>\n\t\t\t\t\t<\/div>\n\t\t<\/div>\n\t\t\t\t\t<\/div>\n\t\t<\/section>\n\t\t\t\t<section class=\"elementor-section elementor-top-section elementor-element elementor-element-c6ddbbf elementor-section-stretched elementor-section-boxed elementor-section-height-default elementor-section-height-default\" data-id=\"c6ddbbf\" data-element_type=\"section\" data-settings=\"{&quot;stretch_section&quot;:&quot;section-stretched&quot;}\">\n\t\t\t\t\t\t<div class=\"elementor-container elementor-column-gap-default\">\n\t\t\t\t\t<div class=\"elementor-column elementor-col-50 elementor-top-column elementor-element elementor-element-0077216\" data-id=\"0077216\" data-element_type=\"column\">\n\t\t\t<div class=\"elementor-widget-wrap elementor-element-populated\">\n\t\t\t\t\t\t<div class=\"elementor-element elementor-element-405c5e9 elementor-invisible elementor-widget elementor-widget-image\" data-id=\"405c5e9\" data-element_type=\"widget\" data-settings=\"{&quot;_animation&quot;:&quot;fadeInLeft&quot;}\" data-widget_type=\"image.default\">\n\t\t\t\t<div class=\"elementor-widget-container\">\n\t\t\t\t\t\t\t\t\t\t\t\t\t\t\t<img decoding=\"async\" width=\"1024\" height=\"682\" src=\"https:\/\/webantigua.yesofcourse.es\/wp-content\/uploads\/2023\/05\/flag-g2683f1b33_1920-1024x682.jpg\" class=\"attachment-large size-large wp-image-8405\" alt=\"\" srcset=\"https:\/\/webantigua.yesofcourse.es\/wp-content\/uploads\/2023\/05\/flag-g2683f1b33_1920-1024x682.jpg 1024w, https:\/\/webantigua.yesofcourse.es\/wp-content\/uploads\/2023\/05\/flag-g2683f1b33_1920-300x200.jpg 300w, https:\/\/webantigua.yesofcourse.es\/wp-content\/uploads\/2023\/05\/flag-g2683f1b33_1920-768x512.jpg 768w, https:\/\/webantigua.yesofcourse.es\/wp-content\/uploads\/2023\/05\/flag-g2683f1b33_1920-1536x1023.jpg 1536w, https:\/\/webantigua.yesofcourse.es\/wp-content\/uploads\/2023\/05\/flag-g2683f1b33_1920.jpg 1920w\" sizes=\"(max-width: 1024px) 100vw, 1024px\" \/>\t\t\t\t\t\t\t\t\t\t\t\t\t\t\t<\/div>\n\t\t\t\t<\/div>\n\t\t\t\t\t<\/div>\n\t\t<\/div>\n\t\t\t\t<div class=\"elementor-column elementor-col-50 elementor-top-column elementor-element elementor-element-f9deca8\" data-id=\"f9deca8\" data-element_type=\"column\">\n\t\t\t<div class=\"elementor-widget-wrap elementor-element-populated\">\n\t\t\t\t\t\t<div class=\"elementor-element elementor-element-0e6c129 elementor-widget elementor-widget-spacer\" data-id=\"0e6c129\" data-element_type=\"widget\" data-widget_type=\"spacer.default\">\n\t\t\t\t<div class=\"elementor-widget-container\">\n\t\t\t\t\t\t\t<div class=\"elementor-spacer\">\n\t\t\t<div class=\"elementor-spacer-inner\"><\/div>\n\t\t<\/div>\n\t\t\t\t\t\t<\/div>\n\t\t\t\t<\/div>\n\t\t\t\t<div class=\"elementor-element elementor-element-735b196 elementor-invisible elementor-widget elementor-widget-text-editor\" data-id=\"735b196\" data-element_type=\"widget\" data-settings=\"{&quot;_animation&quot;:&quot;fadeInUp&quot;}\" data-widget_type=\"text-editor.default\">\n\t\t\t\t<div class=\"elementor-widget-container\">\n\t\t\t\t\t\t\t\t\t<p style=\"text-align: center;\"><span style=\"color: #000000;\">\u00bfC\u00f3mo quieres estudiar? <\/span><br \/><span style=\"color: #000000;\">En Yes of Course t\u00fa decides si quieres clases presenciales, online o mixtas.<\/span><br \/><span style=\"color: #000000;\">Estos cursos est\u00e1n pensados ya sea para mejorar tu ingl\u00e9s, subir de nivel r\u00e1pidamente o preparar tu examen y conseguir un t\u00edtulo de A2, B1, B2 o C1 de Cambridge, Aptis, Trinity, etc.<\/span><br \/><span style=\"color: #000000;\">Para ello contamos con profesionales altamente cualificados con m\u00e1s de 20 a\u00f1os de experiencia y ofrecemos una formaci\u00f3n en la cual trabajamos las 4 destrezas necesarias para la obtenci\u00f3n de dicho certificado: Listening, Speaking, Reading and Writing.<\/span><\/p><div id=\"s3gt_translate_tooltip_mini\" class=\"s3gt_translate_tooltip_mini_box\" style=\"background: initial !important; border: initial !important; border-radius: initial !important; border-spacing: initial !important; border-collapse: initial !important; direction: ltr !important; flex-direction: initial !important; font-weight: initial !important; height: initial !important; letter-spacing: initial !important; min-width: initial !important; max-width: initial !important; min-height: initial !important; max-height: initial !important; margin: auto !important; outline: initial !important; padding: initial !important; position: absolute; table-layout: initial !important; text-align: initial !important; text-shadow: initial !important; width: initial !important; word-break: initial !important; word-spacing: initial !important; overflow-wrap: initial !important; box-sizing: initial !important; display: initial !important; color: inherit !important; font-size: 13px !important; font-family: X-LocaleSpecific, sans-serif, Tahoma, Helvetica !important; line-height: 13px !important; vertical-align: top !important; white-space: inherit !important; left: 74px; top: 687px; opacity: 0.6;\"><div id=\"s3gt_translate_tooltip_mini_logo\" class=\"s3gt_translate_tooltip_mini\" title=\"Traducir texto seleccionado\">\u00a0<\/div><div id=\"s3gt_translate_tooltip_mini_sound\" class=\"s3gt_translate_tooltip_mini\" title=\"Escuchar\">\u00a0<\/div><div id=\"s3gt_translate_tooltip_mini_copy\" class=\"s3gt_translate_tooltip_mini\" title=\"Copiar texto al Portapapeles\">\u00a0<\/div><style type=\"text\/css\" media=\"print\">#s3gt_translate_tooltip_mini { display: none !important; }<\/style><\/div>\t\t\t\t\t\t\t\t<\/div>\n\t\t\t\t<\/div>\n\t\t\t\t\t<\/div>\n\t\t<\/div>\n\t\t\t\t\t<\/div>\n\t\t<\/section>\n\t\t\t\t<section class=\"elementor-section elementor-top-section elementor-element elementor-element-8bf1176 elementor-section-boxed elementor-section-height-default elementor-section-height-default\" data-id=\"8bf1176\" data-element_type=\"section\">\n\t\t\t\t\t\t<div class=\"elementor-container elementor-column-gap-default\">\n\t\t\t\t\t<div class=\"elementor-column elementor-col-100 elementor-top-column elementor-element elementor-element-745c8d8\" data-id=\"745c8d8\" data-element_type=\"column\">\n\t\t\t<div class=\"elementor-widget-wrap elementor-element-populated\">\n\t\t\t\t\t\t<div class=\"elementor-element elementor-element-f0e1bd8 elementor-widget elementor-widget-spacer\" data-id=\"f0e1bd8\" data-element_type=\"widget\" data-widget_type=\"spacer.default\">\n\t\t\t\t<div class=\"elementor-widget-container\">\n\t\t\t\t\t\t\t<div class=\"elementor-spacer\">\n\t\t\t<div class=\"elementor-spacer-inner\"><\/div>\n\t\t<\/div>\n\t\t\t\t\t\t<\/div>\n\t\t\t\t<\/div>\n\t\t\t\t\t<\/div>\n\t\t<\/div>\n\t\t\t\t\t<\/div>\n\t\t<\/section>\n\t\t\t\t<section class=\"elementor-section elementor-top-section elementor-element elementor-element-b31a9dc elementor-section-boxed elementor-section-height-default elementor-section-height-default\" data-id=\"b31a9dc\" data-element_type=\"section\">\n\t\t\t\t\t\t<div class=\"elementor-container elementor-column-gap-default\">\n\t\t\t\t\t<div class=\"elementor-column elementor-col-100 elementor-top-column elementor-element elementor-element-7cf15e9\" data-id=\"7cf15e9\" data-element_type=\"column\">\n\t\t\t<div class=\"elementor-widget-wrap elementor-element-populated\">\n\t\t\t\t\t\t<div class=\"elementor-element elementor-element-e5a7a1c elementor-invisible elementor-widget elementor-widget-heading\" data-id=\"e5a7a1c\" data-element_type=\"widget\" data-settings=\"{&quot;_animation&quot;:&quot;fadeInRight&quot;}\" data-widget_type=\"heading.default\">\n\t\t\t\t<div class=\"elementor-widget-container\">\n\t\t\t\t\t<h2 class=\"elementor-heading-title elementor-size-default\">ADULTS<\/h2>\t\t\t\t<\/div>\n\t\t\t\t<\/div>\n\t\t\t\t\t<\/div>\n\t\t<\/div>\n\t\t\t\t\t<\/div>\n\t\t<\/section>\n\t\t\t\t<section class=\"elementor-section elementor-top-section elementor-element elementor-element-5c51861 elementor-section-stretched elementor-section-boxed elementor-section-height-default elementor-section-height-default\" data-id=\"5c51861\" data-element_type=\"section\" data-settings=\"{&quot;stretch_section&quot;:&quot;section-stretched&quot;}\">\n\t\t\t\t\t\t<div class=\"elementor-container elementor-column-gap-default\">\n\t\t\t\t\t<div class=\"elementor-column elementor-col-50 elementor-top-column elementor-element elementor-element-00ea9e7\" data-id=\"00ea9e7\" data-element_type=\"column\">\n\t\t\t<div class=\"elementor-widget-wrap elementor-element-populated\">\n\t\t\t\t\t\t<div class=\"elementor-element elementor-element-fcc7090 elementor-invisible elementor-widget elementor-widget-image\" data-id=\"fcc7090\" data-element_type=\"widget\" data-settings=\"{&quot;_animation&quot;:&quot;fadeInLeft&quot;}\" data-widget_type=\"image.default\">\n\t\t\t\t<div class=\"elementor-widget-container\">\n\t\t\t\t\t\t\t\t\t\t\t\t\t\t\t<img loading=\"lazy\" decoding=\"async\" width=\"890\" height=\"502\" src=\"https:\/\/webantigua.yesofcourse.es\/wp-content\/uploads\/2024\/05\/WhatsApp-Image-2024-05-31-at-10.23.14.jpeg\" class=\"attachment-large size-large wp-image-20018\" alt=\"\" srcset=\"https:\/\/webantigua.yesofcourse.es\/wp-content\/uploads\/2024\/05\/WhatsApp-Image-2024-05-31-at-10.23.14.jpeg 890w, https:\/\/webantigua.yesofcourse.es\/wp-content\/uploads\/2024\/05\/WhatsApp-Image-2024-05-31-at-10.23.14-300x169.jpeg 300w, https:\/\/webantigua.yesofcourse.es\/wp-content\/uploads\/2024\/05\/WhatsApp-Image-2024-05-31-at-10.23.14-768x433.jpeg 768w\" sizes=\"(max-width: 890px) 100vw, 890px\" \/>\t\t\t\t\t\t\t\t\t\t\t\t\t\t\t<\/div>\n\t\t\t\t<\/div>\n\t\t\t\t\t<\/div>\n\t\t<\/div>\n\t\t\t\t<div class=\"elementor-column elementor-col-50 elementor-top-column elementor-element elementor-element-384b892\" data-id=\"384b892\" data-element_type=\"column\">\n\t\t\t<div class=\"elementor-widget-wrap elementor-element-populated\">\n\t\t\t\t\t\t<div class=\"elementor-element elementor-element-ba7388e elementor-invisible elementor-widget elementor-widget-text-editor\" data-id=\"ba7388e\" data-element_type=\"widget\" data-settings=\"{&quot;_animation&quot;:&quot;fadeInUp&quot;}\" data-widget_type=\"text-editor.default\">\n\t\t\t\t<div class=\"elementor-widget-container\">\n\t\t\t\t\t\t\t\t\t<p style=\"text-align: center;\"><span style=\"color: #000000;\">Estos cursos est\u00e1n dirigidos a adultos que quieren aprender ingl\u00e9s ya sea por inquietud y curiosidad en el aprendizaje del idioma o movidos por necesidad laboral. Ofrecemos cursos para adultos desde un nivel b\u00e1sico hasta un nivel avanzado. <\/span><\/p>\t\t\t\t\t\t\t\t<\/div>\n\t\t\t\t<\/div>\n\t\t\t\t\t<\/div>\n\t\t<\/div>\n\t\t\t\t\t<\/div>\n\t\t<\/section>\n\t\t\t\t<\/div>\n\t\t","protected":false},"excerpt":{"rendered":"<p>CURSOS PRESENCIALES KIDS Estos cursos est\u00e1n dirigidos a ni\u00f1os y ni\u00f1as de entre 5 y 12 a\u00f1os y son una&#8230;<\/p>\n","protected":false},"author":1,"featured_media":0,"parent":0,"menu_order":0,"comment_status":"closed","ping_status":"closed","template":"","meta":{"_kad_post_transparent":"","_kad_post_title":"hide","_kad_post_layout":"fullwidth","_kad_post_sidebar_id":"","_kad_post_content_style":"unboxed","_kad_post_vertical_padding":"hide","_kad_post_feature":"hide","_kad_post_feature_position":"","_kad_post_header":false,"_kad_post_footer":false,"footnotes":""},"class_list":["post-19105","page","type-page","status-publish","hentry"],"_links":{"self":[{"href":"https:\/\/webantigua.yesofcourse.es\/index.php\/wp-json\/wp\/v2\/pages\/19105","targetHints":{"allow":["GET"]}}],"collection":[{"href":"https:\/\/webantigua.yesofcourse.es\/index.php\/wp-json\/wp\/v2\/pages"}],"about":[{"href":"https:\/\/webantigua.yesofcourse.es\/index.php\/wp-json\/wp\/v2\/types\/page"}],"author":[{"embeddable":true,"href":"https:\/\/webantigua.yesofcourse.es\/index.php\/wp-json\/wp\/v2\/users\/1"}],"replies":[{"embeddable":true,"href":"https:\/\/webantigua.yesofcourse.es\/index.php\/wp-json\/wp\/v2\/comments?post=19105"}],"version-history":[{"count":18,"href":"https:\/\/webantigua.yesofcourse.es\/index.php\/wp-json\/wp\/v2\/pages\/19105\/revisions"}],"predecessor-version":[{"id":20021,"href":"https:\/\/webantigua.yesofcourse.es\/index.php\/wp-json\/wp\/v2\/pages\/19105\/revisions\/20021"}],"wp:attachment":[{"href":"https:\/\/webantigua.yesofcourse.es\/index.php\/wp-json\/wp\/v2\/media?parent=19105"}],"curies":[{"name":"wp","href":"https:\/\/api.w.org\/{rel}","templated":true}]}}